{"id":2317,"date":"2018-07-20T13:04:03","date_gmt":"2018-07-20T17:04:03","guid":{"rendered":"https:\/\/cpa.ca\/naccjpc\/"},"modified":"2026-04-15T12:57:50","modified_gmt":"2026-04-15T16:57:50","slug":"naccjpc","status":"publish","type":"page","link":"https:\/\/cpa.ca\/fr\/naccjpc\/","title":{"rendered":"6e Conf\u00e9rence nord-am\u00e9ricaine sur la psychologie correctionnelle et de la justice p\u00e9nale (N6)"},"content":{"rendered":"<p>Nous avons le plaisir de vous inviter \u00e0 la 6e Conf\u00e9rence nord-am\u00e9ricaine sur la psychologie correctionnelle et de la justice p\u00e9nale (N6), qui se tiendra dans la magnifique ville de Victoria, au Canada, du 3 au 5 juin 2027. N6 r\u00e9unit des chercheurs, des praticiens et des d\u00e9cideurs du monde entier afin de partager des travaux novateurs \u00e0 l\u2019avant-garde de la psychologie correctionnelle et de la justice p\u00e9nale. Nos conf\u00e9renciers principaux comprennent le Dr Alex Piquero (Universit\u00e9 de Miami), la Dre Mary Ann Campbell (Universit\u00e9 du Nouveau-Brunswick), la Dre Nneka Jones Tapia (Chicago Beyond), le Dr Troy McEwan (Swinburne University of Technology) et Michael Seto (Institut de recherche en sant\u00e9 mentale de l\u2019Universit\u00e9 d\u2019Ottawa \u00e0 The Royal).<\/p>\r\n<p>Les appels \u00e0 communications ouvriront bient\u00f4t. Veuillez consulter cette page ult\u00e9rieurement pour les mises \u00e0 jour et des renseignements suppl\u00e9mentaires sur la conf\u00e9rence. Nous avons h\u00e2te de vous accueillir \u00e0 Victoria !<\/p>\r\n<p>Vous \u00eates impatient(e) ? Vous pouvez nous joindre \u00e0 <a href=\"mailto:NACCJPC@gmail.com\">NACCJPC@gmail.com<\/a> pour toute question concernant la conf\u00e9rence.<\/p>\r\n<p><img decoding=\"async\" style=\"width: 99%; max-width: 800px;\" src=\"\/docs\/File\/NACCJPC\/N6 keynote poster French.png\" alt=\"6e Conf\u00e9rence nord-am\u00e9ricaine sur la psychologie correctionnelle et de la justice p\u00e9nale (N6)\" \/><\/p>\r\n\r\n<!--------------------------------------\r\n<h2>We would like to thank everyone who presented and participated at the 5th North American Correctional and Criminal Justice Psychology Conference (N5), we had some insightful discussions and wonderful networking opportunities. We look forward to seeing you all again in Montreal, June 2027<\/h2>\r\n\r\n<hr \/>\r\n\r\n<h2>N5 Program Book<\/h2>\r\n<a href=\"https:\/\/cpa.ca\/docs\/File\/Convention\/2023\/CPA Event N5 Program Book 2023_WEB.pdf\" target=\"_blank\" rel=\"noopener\"><img decoding=\"async\" style=\"max-width: 200px;\" src=\"https:\/\/cpa.ca\/docs\/File\/Convention\/2023\/N5 Program Book.jpg\" alt=\"N5 Program Book\" \/>\r\nN5 Program Book<\/a>\r\n<h3>Schedule At-A-Glance<\/h3>\r\n<ul>\r\n \t<li><a href=\"https:\/\/cpa.ca\/docs\/File\/Convention\/2023\/N5_Schedule_Day1.pdf\" target=\"_blank\" rel=\"noopener\">Day 1 - Friday June 23, 2023<\/a> (PDF)<\/li>\r\n \t<li><a href=\"https:\/\/cpa.ca\/docs\/File\/Convention\/2023\/N5_Schedule_Day2.pdf\" target=\"_blank\" rel=\"noopener\">Day 2 - Saturday June 24, 2023<\/a> (PDF)<\/li>\r\n \t<li><a href=\"https:\/\/cpa.ca\/docs\/File\/Convention\/2023\/N5_Schedule_Day3.pdf\" target=\"_blank\" rel=\"noopener\">Day 3 - Sunday june 25, 2023<\/a> (PDF)<\/li>\r\n<\/ul>\r\n\r\n<hr \/>\r\n\r\n[cptui cptui_posttype=\"post\" cptui_shortcode=\"default_shortcode\" cptui_shortcode_id=\"378\" title=\"\" order_by=\"date\" order=\"DESC\" taxonomy-category=\"naccjpc\"][\/cptui]\r\n<h2>Toronto, Ontario\r\n<span style=\"font-size: larger;\">2023<\/span><\/h2>\r\nSteering Committee Chair: Dr. N. Zoe Hilton\r\n\r\n<img decoding=\"async\" style=\"width: 99%; max-width: 800px;\" src=\"\/docs\/File\/Sections\/Criminal Justice Psychology\/N5 Keynote Speaker Poster.png\" alt=\"Fifth North American Correctional and Criminal Justice Psychology Conference\" \/>\r\n\r\n--------------------------------------------------><!------------\r\n<h2>N4 Convention Program<\/h2>\r\nThe schedules for CPA\u2019s 80th Convention and for NACCJPC 4 have been created.\r\n<h3>Printable Program Booklets<\/h3>\r\n<ul>\r\n \t<li><a style=\"font-weight: bolder;\" href=\"https:\/\/cpa.ca\/docs\/File\/Convention\/2019\/NACCJPC-2019-Program-DIGITAL_FINAL.pdf\" target=\"_blank\" rel=\"noopener noreferrer\"><strong>NACCJPC 4 full program \/ abstract book<\/strong> (PDF)<\/a><\/li>\r\n<\/ul>\r\n\r\n<hr \/>\r\n\r\n\r\n\r\n<hr \/>\r\n\r\n<h3 style=\"text-align: center;\">Fourth North American Correctional and Criminal Justice Psychology Conference (N4)\r\n<em>Evidence &amp; Innovation in Criminal Justice Psychology<\/em>\r\nHalifax, May 31 - June 2, 2019<\/h3>\r\n<img decoding=\"async\" style=\"width: 99%; max-width: 800px;\" src=\"\/\/www.cpa.ca\/docs\/File\/NACCJPC\/N4 Advertisement.jpg\" alt=\"Fourth North American Correctional and Criminal Justice Psychology Conference\" \/>\r\n<table border=\"0\" width=\"900\" cellspacing=\"5\" cellpadding=\"5\">\r\n<tbody>\r\n<tr valign=\"top\">\r\n<td width=\"60%\">\r\n<h4>Steering Committee:<\/h4>\r\n<strong>Chair<\/strong>\r\n<ul>\r\n \t<li style=\"list-style-type: none;\">\r\n<ul>- Joseph Camilleri, Associate Professor of Psychology, Westfield State University, USA<\/ul>\r\n<\/li>\r\n<\/ul>\r\n&nbsp;\r\n<ul>\r\n \t<li>Dr. Guy Bourgon, Psychologist, Corrections &amp; Criminal Justice Directorate, Canada<\/li>\r\n \t<li>Jim Cheston, Chief Psychologist, Ontario Correctional Institute, Canada<\/li>\r\n \t<li>Joann Hessen-Kayfitz, Psychologist, Youth Forensic Services, Mental Health and Addictions Program, Canada<\/li>\r\n \t<li>Zoe Hilton, Senior Research Scientist, Waypoint Research Institute, Canada<\/li>\r\n \t<li>Daryl Kroner, Professor of Criminology &amp; Criminal Justice, Southern Illinois University Carbondale, USA<\/li>\r\n \t<li>Ruth Mann, Rehabilitative Culture Lead, Public Sector Prisons North, UK<\/li>\r\n \t<li>Jeremy Mills, Regional Director Health Services, Ontario Region, Correctional Service of Canada<\/li>\r\n \t<li>Femina Varghese, Associate Professor of Psychology, University of Central Arkansas<\/li>\r\n<\/ul>\r\n<\/td>\r\n<td>\r\n<h4>2019 Marketing Committee:<\/h4>\r\n<strong>Chair<\/strong>\r\n<ul>\r\n \t<li style=\"list-style-type: none;\">\r\n<ul>- Melissa Miele: Western Massachusetts, United States<\/ul>\r\n<\/li>\r\n<\/ul>\r\n&nbsp;\r\n<ul>\r\n \t<li>Katie Seidler: Sydney, Australia<\/li>\r\n \t<li>Stephen Wong: Australia<\/li>\r\n \t<li>Sara Wotschell: Red Deer Alberta, Canada<\/li>\r\n \t<li>Shelia Brandt: Owatonna, Minnesota<\/li>\r\n \t<li>McKenzie Holton: Sioux Falls, South Dakota<\/li>\r\n \t<li>Steven Norton: Minnesota, United States<\/li>\r\n<\/ul>\r\n<\/td>\r\n<\/tr>\r\n<\/tbody>\r\n<\/table>\r\nSponsored by the <a href=\"\/aboutcpa\/cpasections\/criminaljusticepsychology\/\" target=\"_blank\" rel=\"noopener noreferrer\">Criminal Justice Section<\/a> of the Canadian Psychological Association (CPA) and the <a href=\"http:\/\/www.apadivisions.org\/division-18\/sections\/justice\/index.aspx?__utma=12968039.639188130.1406137495.1407952101.1408138527.3&amp;__utmb=12968039.1.10.1408138527&amp;__utmc=12968039&amp;__utmx=-&amp;__utmz=12968039.1408138527.3.2.utmcsr=google|utmccn=(organic)|utmcmd=organic|utmctr=(not%20provided)&amp;__utmv=-&amp;__utmk=127349773\" target=\"_blank\" rel=\"noopener noreferrer\">Criminal Justice Section of Division 18<\/a> of the American Psychological Association (APA)\r\n\r\n--->\r\n\r\n&nbsp;\r\n\r\n<hr \/>\r\n\r\n<h4>PAST CONFERENCES<\/h4>\r\nN5 &#8211; Toronto, June 23 -2 5, 2023 \u2014 <a href=\"https:\/\/cpa.ca\/docs\/File\/Convention\/2023\/CPA Event N5 Program Book 2023_WEB.pdf\" target=\"_blank\" rel=\"noopener\"><strong>NACCJPC 5 Program Book \/ abstract book<\/strong> (PDF)<\/a>\r\n\r\nN4 &#8211; Halifax, May 31-June 2, 2019 \u2014 <a href=\"https:\/\/cpa.ca\/docs\/File\/Convention\/2019\/NACCJPC-2019-Program-DIGITAL_FINAL.pdf\" target=\"_blank\" rel=\"noopener noreferrer\"><strong>NACCJPC 4 full program \/ abstract book<\/strong> (PDF)<\/a>\r\n\r\nN3 &#8211; Ottawa, June 4 &#8211; 6, 2015\r\n\r\nN2 &#8211; Toronto, June 2 &#8211; 4, 2012\r\n\r\nN1 &#8211; Ottawa, June 7 &#8211; 9, 2007\r\n\r\n<hr \/>\r\n\r\n<div style=\"text-align: center;\">\r\n<div style=\"float: left;\"><a href=\"https:\/\/www.facebook.com\/groups\/205106602764\/\" target=\"_blank\" rel=\"noopener noreferrer\"><img decoding=\"async\" style=\"max-width: 75px;\" src=\"https:\/\/cpa.ca\/images\/facebook-icon.png\" alt=\"NACCJPC Facebook Group\" width=\"75\" \/>\r\nhttps:\/\/www.facebook.com\/groups\/205106602764\/<\/a><\/div>\r\n<div style=\"padding-left: 50px;\"><a href=\"https:\/\/twitter.com\/NACCJP\" target=\"_blank\" rel=\"noopener noreferrer\"><img decoding=\"async\" style=\"max-width: 75px;\" src=\"https:\/\/cpa.ca\/images\/twitter-icon.png\" alt=\"NACCJPC Twitter\" width=\"75\" \/>\r\nhttps:\/\/twitter.com\/NACCJP<\/a><\/div>\r\n<\/div>\r\n&nbsp;\r\n\r\n<!-- \/wp:post-content -->","protected":false},"excerpt":{"rendered":"<p><!--more--><\/p>\n","protected":false},"author":2,"featured_media":0,"parent":0,"menu_order":0,"comment_status":"closed","ping_status":"closed","template":"","meta":{"_acf_changed":false,"_monsterinsights_skip_tracking":false,"_monsterinsights_sitenote_active":false,"_monsterinsights_sitenote_note":"","_monsterinsights_sitenote_category":0,"footnotes":""},"class_list":["post-2317","page","type-page","status-publish","hentry"],"acf":[],"aioseo_notices":[],"publishpress_future_workflow_manual_trigger":{"enabledWorkflows":[]},"_links":{"self":[{"href":"https:\/\/cpa.ca\/fr\/wp-json\/wp\/v2\/pages\/2317","targetHints":{"allow":["GET"]}}],"collection":[{"href":"https:\/\/cpa.ca\/fr\/wp-json\/wp\/v2\/pages"}],"about":[{"href":"https:\/\/cpa.ca\/fr\/wp-json\/wp\/v2\/types\/page"}],"author":[{"embeddable":true,"href":"https:\/\/cpa.ca\/fr\/wp-json\/wp\/v2\/users\/2"}],"replies":[{"embeddable":true,"href":"https:\/\/cpa.ca\/fr\/wp-json\/wp\/v2\/comments?post=2317"}],"version-history":[{"count":6,"href":"https:\/\/cpa.ca\/fr\/wp-json\/wp\/v2\/pages\/2317\/revisions"}],"predecessor-version":[{"id":47035,"href":"https:\/\/cpa.ca\/fr\/wp-json\/wp\/v2\/pages\/2317\/revisions\/47035"}],"wp:attachment":[{"href":"https:\/\/cpa.ca\/fr\/wp-json\/wp\/v2\/media?parent=2317"}],"curies":[{"name":"wp","href":"https:\/\/api.w.org\/{rel}","templated":true}]}}

6e Conférence nord-américaine sur la psychologie correctionnelle et de la justice pénale (N6)

<p>Nous avons le plaisir de vous inviter à la 6e Conférence nord-américaine sur la psychologie correctionnelle et de la justice pénale (N6), qui se tiendra dans la magnifique ville de Victoria, au Canada, du 3 au 5 juin 2027. N6 réunit des chercheurs, des praticiens et des décideurs du monde entier afin de partager des travaux novateurs à l’avant-garde de la psychologie correctionnelle et de la justice pénale. Nos conférenciers principaux comprennent le Dr Alex Piquero (Université de Miami), la Dre Mary Ann Campbell (Université du Nouveau-Brunswick), la Dre Nneka Jones Tapia (Chicago Beyond), le Dr Troy McEwan (Swinburne University of Technology) et Michael Seto (Institut de recherche en santé mentale de l’Université d’Ottawa à The Royal).</p>
<p>Les appels à communications ouvriront bientôt. Veuillez consulter cette page ultérieurement pour les mises à jour et des renseignements supplémentaires sur la conférence. Nous avons hâte de vous accueillir à Victoria !</p>
<p>Vous êtes impatient(e) ? Vous pouvez nous joindre à <a href="mailto:NACCJPC@gmail.com">NACCJPC@gmail.com</a> pour toute question concernant la conférence.</p>
<p><img decoding="async" style="width: 99%; max-width: 800px;" src="/docs/File/NACCJPC/N6 keynote poster French.png" alt="6e Conférence nord-américaine sur la psychologie correctionnelle et de la justice pénale (N6)" /></p>

<!--------------------------------------
<h2>We would like to thank everyone who presented and participated at the 5th North American Correctional and Criminal Justice Psychology Conference (N5), we had some insightful discussions and wonderful networking opportunities. We look forward to seeing you all again in Montreal, June 2027</h2>

<hr />

<h2>N5 Program Book</h2>
<a href="https://cpa.ca/docs/File/Convention/2023/CPA Event N5 Program Book 2023_WEB.pdf" target="_blank" rel="noopener"><img decoding="async" style="max-width: 200px;" src="https://cpa.ca/docs/File/Convention/2023/N5 Program Book.jpg" alt="N5 Program Book" />
N5 Program Book</a>
<h3>Schedule At-A-Glance</h3>
<ul>
 	<li><a href="https://cpa.ca/docs/File/Convention/2023/N5_Schedule_Day1.pdf" target="_blank" rel="noopener">Day 1 - Friday June 23, 2023</a> (PDF)</li>
 	<li><a href="https://cpa.ca/docs/File/Convention/2023/N5_Schedule_Day2.pdf" target="_blank" rel="noopener">Day 2 - Saturday June 24, 2023</a> (PDF)</li>
 	<li><a href="https://cpa.ca/docs/File/Convention/2023/N5_Schedule_Day3.pdf" target="_blank" rel="noopener">Day 3 - Sunday june 25, 2023</a> (PDF)</li>
</ul>

<hr />

[cptui cptui_posttype="post" cptui_shortcode="default_shortcode" cptui_shortcode_id="378" title="" order_by="date" order="DESC" taxonomy-category="naccjpc"][/cptui]
<h2>Toronto, Ontario
<span style="font-size: larger;">2023</span></h2>
Steering Committee Chair: Dr. N. Zoe Hilton

<img decoding="async" style="width: 99%; max-width: 800px;" src="/docs/File/Sections/Criminal Justice Psychology/N5 Keynote Speaker Poster.png" alt="Fifth North American Correctional and Criminal Justice Psychology Conference" />

--------------------------------------------------><!------------
<h2>N4 Convention Program</h2>
The schedules for CPA’s 80th Convention and for NACCJPC 4 have been created.
<h3>Printable Program Booklets</h3>
<ul>
 	<li><a style="font-weight: bolder;" href="https://cpa.ca/docs/File/Convention/2019/NACCJPC-2019-Program-DIGITAL_FINAL.pdf" target="_blank" rel="noopener noreferrer"><strong>NACCJPC 4 full program / abstract book</strong> (PDF)</a></li>
</ul>

<hr />



<hr />

<h3 style="text-align: center;">Fourth North American Correctional and Criminal Justice Psychology Conference (N4)
<em>Evidence &amp; Innovation in Criminal Justice Psychology</em>
Halifax, May 31 - June 2, 2019</h3>
<img decoding="async" style="width: 99%; max-width: 800px;" src="//www.cpa.ca/docs/File/NACCJPC/N4 Advertisement.jpg" alt="Fourth North American Correctional and Criminal Justice Psychology Conference" />
<table border="0" width="900" cellspacing="5" cellpadding="5">
<tbody>
<tr valign="top">
<td width="60%">
<h4>Steering Committee:</h4>
<strong>Chair</strong>
<ul>
 	<li style="list-style-type: none;">
<ul>- Joseph Camilleri, Associate Professor of Psychology, Westfield State University, USA</ul>
</li>
</ul>
&nbsp;
<ul>
 	<li>Dr. Guy Bourgon, Psychologist, Corrections &amp; Criminal Justice Directorate, Canada</li>
 	<li>Jim Cheston, Chief Psychologist, Ontario Correctional Institute, Canada</li>
 	<li>Joann Hessen-Kayfitz, Psychologist, Youth Forensic Services, Mental Health and Addictions Program, Canada</li>
 	<li>Zoe Hilton, Senior Research Scientist, Waypoint Research Institute, Canada</li>
 	<li>Daryl Kroner, Professor of Criminology &amp; Criminal Justice, Southern Illinois University Carbondale, USA</li>
 	<li>Ruth Mann, Rehabilitative Culture Lead, Public Sector Prisons North, UK</li>
 	<li>Jeremy Mills, Regional Director Health Services, Ontario Region, Correctional Service of Canada</li>
 	<li>Femina Varghese, Associate Professor of Psychology, University of Central Arkansas</li>
</ul>
</td>
<td>
<h4>2019 Marketing Committee:</h4>
<strong>Chair</strong>
<ul>
 	<li style="list-style-type: none;">
<ul>- Melissa Miele: Western Massachusetts, United States</ul>
</li>
</ul>
&nbsp;
<ul>
 	<li>Katie Seidler: Sydney, Australia</li>
 	<li>Stephen Wong: Australia</li>
 	<li>Sara Wotschell: Red Deer Alberta, Canada</li>
 	<li>Shelia Brandt: Owatonna, Minnesota</li>
 	<li>McKenzie Holton: Sioux Falls, South Dakota</li>
 	<li>Steven Norton: Minnesota, United States</li>
</ul>
</td>
</tr>
</tbody>
</table>
Sponsored by the <a href="/aboutcpa/cpasections/criminaljusticepsychology/" target="_blank" rel="noopener noreferrer">Criminal Justice Section</a> of the Canadian Psychological Association (CPA) and the <a href="http://www.apadivisions.org/division-18/sections/justice/index.aspx?__utma=12968039.639188130.1406137495.1407952101.1408138527.3&amp;__utmb=12968039.1.10.1408138527&amp;__utmc=12968039&amp;__utmx=-&amp;__utmz=12968039.1408138527.3.2.utmcsr=google|utmccn=(organic)|utmcmd=organic|utmctr=(not%20provided)&amp;__utmv=-&amp;__utmk=127349773" target="_blank" rel="noopener noreferrer">Criminal Justice Section of Division 18</a> of the American Psychological Association (APA)

--->

&nbsp;

<hr />

<h4>PAST CONFERENCES</h4>
N5 &#8211; Toronto, June 23 -2 5, 2023 — <a href="https://cpa.ca/docs/File/Convention/2023/CPA Event N5 Program Book 2023_WEB.pdf" target="_blank" rel="noopener"><strong>NACCJPC 5 Program Book / abstract book</strong> (PDF)</a>

N4 &#8211; Halifax, May 31-June 2, 2019 — <a href="https://cpa.ca/docs/File/Convention/2019/NACCJPC-2019-Program-DIGITAL_FINAL.pdf" target="_blank" rel="noopener noreferrer"><strong>NACCJPC 4 full program / abstract book</strong> (PDF)</a>

N3 &#8211; Ottawa, June 4 &#8211; 6, 2015

N2 &#8211; Toronto, June 2 &#8211; 4, 2012

N1 &#8211; Ottawa, June 7 &#8211; 9, 2007

<hr />

<div style="text-align: center;">
<div style="float: left;"><a href="https://www.facebook.com/groups/205106602764/" target="_blank" rel="noopener noreferrer"><img decoding="async" style="max-width: 75px;" src="https://cpa.ca/images/facebook-icon.png" alt="NACCJPC Facebook Group" width="75" />
https://www.facebook.com/groups/205106602764/</a></div>
<div style="padding-left: 50px;"><a href="https://twitter.com/NACCJP" target="_blank" rel="noopener noreferrer"><img decoding="async" style="max-width: 75px;" src="https://cpa.ca/images/twitter-icon.png" alt="NACCJPC Twitter" width="75" />
https://twitter.com/NACCJP</a></div>
</div>
&nbsp;

<!-- /wp:post-content -->
